et k be m(-7). Let p be u(k). Let f(i) = i**2 - 9*i + 5. Determine f(p).
5
Let h(t) be the second derivative of -t**7/2520 + t**6/180 - t**5/120 + t**4/6 + 5*t**2 - 3*t + 30. Let q(m) be the third derivative of h(m). What is q(6)?
-13
Let u(p) = p**2 - 12*p + 14. Suppose 0 = -61*r + 383 + 227. Calculate u(r).
-6
Suppose -89*n + 84*n + 440 = 0. Let q(c) = -1 - 5*c - 44*c**2 - 45*c**2 + n*c**2. Determine q(-4).
3
Let m(f) = -2*f - 1. Let l = -8459 - -8466. Calculate m(l).
-15
Suppose 2*n = 0, 5 - 1 = h + 5*n + 8. Let j(d) = 4*d**2 + 10*d + 2. Give j(h).
26
Let u(q) be the first derivative of -q**3/3 + 4*q**2 - 3*q + 2. Suppose 3*a = a + 6. Suppose 3*y = -v + 2, a*v + 2*v - 3*y = 46. What is u(v)?
-3
Let g be (180/7380)/((-3)/(-123)). Let b(d) = 5*d**2 + 8*d - 8. Determine b(g).
5
Let a be (-8)/20*(-4 + -1). Suppose a*z + 1 = -3. Let o(g) = -4*g**2 + 3*g + 3. Give o(z).
-19
Let v = -67 + 69. Suppose -5*j + 7 = 4*m, -9 + 1 = -v*j + m. Suppose j*r = -15, 2*f - r - 20 = -f. Let d(n) = n - 3. Calculate d(f).
2
Let r(z) = -9*z**2 + 21*z + 5. Let f(n) = 4 - 2*n - 6 + n + 5*n**2 - 11*n. Let q(w) = 5*f(w) + 3*r(w). Determine q(4).
-15
Let g(r) = r**3 + 11*r**2 - 13*r - 10. Let q be ((-182)/(-39))/(-7)*(-4 - -1). Suppose 0 = -q*t + 8, -38 = 3*n + t - 6. Give g(n).
2
Let c(g) be the third derivative of g**6/120 - g**5/12 - g**4/12 - 2*g**3 + g**2 + 587*g - 3. Calculate c(5).
-22
Let h(z) = 11*z**2 + 15 + 6*z + 13*z**3 - 14*z**3 + 62. Determine h(12).
5
Let q(d) = 10*d**2 - 7*d + 6. Let b = -11881 + 11882. Give q(b).
9
Let r be (-24)/108 - (-32)/(-18). Let k = 285 + -137. Let t(w) = 2*w + 148 - k - 8*w. What is t(r)?
12
Let v(p) = 4*p**2 - 22*p - 6. Let i be v(8). Let m = 84 - i. Let z(q) = 7*q - 11. Let b(l) = 20*l - 33. Let d(r) = 6*b(r) - 17*z(r). Calculate d(m).
-1
Let k(z) be the third derivative of -z**6/720 - z**5/120 - z**4/24 - 31*z**3/2 + 110*z**2. Let r(l) be the second derivative of k(l). Give r(9).
-10
Let a(k) = -22*k**3 + 30*k**2 + 18*k. Let o(c) = -5*c**3 + 7*c**2 + 4*c. Let b(r) = -2*a(r) + 9*o(r). Determine b(2).
4
Let o(b) be the third derivative of b**8/5040 - b**6/720 - 3*b**5/20 - b**4/24 + 4*b**2. Let x(p) be the third derivative of o(p). Calculate x(1).
3
Let v(l) = -3*l**3 - 2*l**2 - 3*l + 1. Let o = 5341 + -5343. Calculate v(o).
23
Let a(g) = -5*g + 1. Let h = -157 - -160. Suppose -5*x + 19*s - 22*s = 14, 9 = -h*x - 2*s. What is a(x)?
6
Let l(f) = f**3 - 9*f**2 + 8*f - 9. Suppose -10*v - 431 - 1189 = 0. Let c = v - -170. Give l(c).
-9
Let n(l) = l**3 + 7*l**2 + 10*l + 20. Suppose 2*b = -14 + 2. Let q be n(b). Let h be q + (-12)/(-2) + 3. Let a(s) = s**3 - 6*s**2 + 7*s - 5. Calculate a(h).
5
Let h(y) be the second derivative of y**7/2520 - y**6/240 - y**5/10 + 28*y**4/3 + 113*y. Let u(g) be the third derivative of h(g). What is u(6)?
6
Let p(y) = -10 + 132 + 6*y - y**2 + 0*y**2 + 63. Let x be p(17). Let o(c) be the third derivative of c**5/15 + c**3/6 + 2*c**2. Determine o(x).
17
Let q(n) = -n**3 + 7*n**2 - 17*n + 15. Let m be q(2). Let w(p) = -26*p**3 - 2*p**2 + 1. What is w(m)?
-27
Let i(h) be the second derivative of -h**5/20 - 7*h**4/6 + 49*h**3/6 - 35*h**2/2 - 6*h + 97. Give i(-17).
-1
Let h(x) be the second derivative of 8 + x + 13/20*x**5 + 1/2*x**2 - 1/12*x**4 - 1/6*x**3. Give h(1).
12
Let q(p) = 9*p**2 - 595*p + 1702. Let z be q(3). Suppose f - 6 = -4. Let i(x) = 2*x**3 - 2*x + f*x**3 - 3*x**3. Determine i(z).
-4
Let k(a) = -4*a**3 + 2*a**3 + 5 - 2*a + a**3 - 5*a**2. Suppose -2 = -2*f - 12. Let x be 0 + f - (-5 - (3 - 8)). Calculate k(x).
15
Let c(z) = -71 + 24 - z**3 + 11 + 13. What is c(0)?
-23
Let i be (12/15)/((-10)/550*-11). Let r(h) be the second derivative of 1/2*h**3 - 1/12*h**i + 0 + 24*h - 1/2*h**2. What is r(2)?
1
Let y(i) = -i**3 - 5*i**2 + 7. Let o be y(-5). Let a(k) be the second derivative of -96*k + 0 + 7/12*k**4 + 0*k**3 - 1/20*k**5 - 3/2*k**2. What is a(o)?
-3
Let t(b) = b**3 - 3*b**2 - b - 11. Let k(n) = -n**2 - 42*n - 113. Let i be k(-39). Determine t(i).
1
Let i(c) = c**2 + 6*c + 2. Let t(f) = -2*f**2 + 48*f + 62. Let g be t(25). Suppose -k + g = -3*k. Calculate i(k).
2
Let x(u) = 94*u**3 + 5*u**2 - u + 8. Let b be x(3). Let f(v) = -15*v - b + v**2 + 2585 + 6*v. Give f(8).
-11
Let c be 6/(((-4)/(-3))/((-10)/(-15))). Suppose -2*a + 1 = -5. Let n(x) = -4 - 96*x**3 - a*x**2 + 3*x - x**2 + 97*x**3. What is n(c)?
-4
Let c(w) = -2*w + 5. Let j(b) = b + 1. Let l be (-1)/5 + (-8)/10. Let h(g) = l*c(g) + 6*j(g). Suppose 192 = -8*p - 88*p. What is h(p)?
-15
Suppose 41 = 5*u + 2*a, -4*u + a + 6 = -19. Let q = -6 + u. Let o(p) = -10*p**2 - 29. Let s(y) = -5*y**2 - 13. Let x(k) = 4*o(k) - 9*s(k). Calculate x(q).
6
Suppose 2 = -2*g, 29 = -2*k + 5*g + 48. Let j(h) be the first derivative of k*h + 1/2*h**2 + 29. Determine j(-4).
3
Suppose 3*i + 3 = -9. Let q(n) = 5 - 6*n + n**2 + n - 2*n - 3. Let m(x) = -x**2 + 7*x - 3. Let b(j) = i*m(j) - 3*q(j). What is b(6)?
0
Let c(f) be the second derivative of f**3/6 + f**2/2 + 4*f - 751. Suppose 0 = -5*y - 2*d + 31, -y - 1 = -2*d. What is c(y)?
6
Let q(x) = 5*x + x**2 - 2*x + 7 + 0*x**2 + 5*x. Let y = -27 - -20. What is q(y)?
0
Suppose -4*c = 3*h, -3*h + 4 + 5 = c. Let m be ((-1)/3)/(1/c). Let y(j) = -61 - 64 - 50 + 176 - j + 8*j**2. What is y(m)?
8
Let i(n) be the second derivative of n**6/240 + n**5/40 - 14*n**4/3 + 12*n + 1. Let k(s) be the third derivative of i(s). Determine k(4).
15
Suppose 2*l = 2*z - 2, -3*z - 64*l + 68*l - 3 = 0. Suppose 12 + 0 = 3*c. Let g(m) = 2*m - 5*m - 11 + c*m. What is g(z)?
-4
Let n(p) = -p - 9 + 2 + 4 + 12. Let b be n(8). Let t(r) = -r + 0*r + 0 + b - 2 + r**2. Give t(-1).
1
Suppose -3*c + 5*j = -28, 19*c + 10 = 14*c - 3*j. Let a(p) = 24*p - 2. What is a(c)?
22
Let q(d) be the second derivative of -3/2*d**3 - 1/2*d**2 - d - 14. Calculate q(-2).
17
Let i(n) be the second derivative of n**6/360 - n**5/24 - 7*n**4/24 + 14*n**3/3 - n**2/2 - n + 12. Let r(x) be the second derivative of i(x). What is r(7)?
7
Let f(x) = 5*x**2 - 39*x - 329 + 693 + 165*x - 333. What is f(-25)?
6
Let x(s) = s**3 - 23*s**2 + 4*s - 103. Let y = -12541 - -12564. Calculate x(y).
-11
Suppose -5*s - v = -39, 0*s - 25 = -3*s - v. Let a(t) be the third derivative of -10*t**2 + 0*t - 1/60*t**5 + 1/3*t**3 + 1/4*t**4 + 10. Determine a(s).
-5
Let r(l) = -2*l**3 + 3*l**2 + 7*l - 5. Suppose -64*u + 36*u = -0 - 112. What is r(u)?
-57
Let c(g) = -g**3 + g**2 + 5*g - 2. Suppose 3*r = -q - 94, -r - 17 - 26 = -2*q. Let s be (-2)/(154/r - (-2 + -2)). Give c(s).
-5
Let l be (-48)/(-15) - 1/5. Let h(k) = 383*k + 377*k - l - 759*k. Let i(s) = s**3 - 6*s**2 - 7*s + 6. Let a be i(7). Calculate h(a).
3
Let s = -48 - -50. Let r(d) = 5*d**s - 3*d - 4*d - 4*d**2 + 4. Let t = -4 - -9. What is r(t)?
-6
Let q be ((-21)/(-42))/(2/9000). Let g(t) = -t**2 + q*t - 2243*t + 5 + 2*t**2. Suppose 0 = 4*s + 18 + 2. What is g(s)?
-5
Let r(w) be the first derivative of -w**4/4 - 4*w**3/3 + 5*w**2/2 + 6*w - 45. Let s be r(-5). Let b(k) = 0*k + k**3 + 4 - 4*k + 2*k - 6*k**2. Determine b(s).
-8
Let p(b) = -30*b + 40. Let q(y) = -4*y + 3. Let c(x) = -p(x) + 6*q(x). What is c(7)?
20
Suppose 0*w - 21 = 3*w - 24*w. Let q(d) = 20*d**3 - d**2 + d. Calculate q(w).
20
Suppose 2653 = -22*i + 2829. Let m(b) = -44*b + 360. Calculate m(i).
8
Let g(s) = s**3 + 92*s**2 + 103*s + 1084. Let d be g(-91). Let i(b) = -2*b + 15. Give i(d).
31
Let u be 319/116 + 2/8. Suppose -2*k - h + 20 = 0, -u*k + 0*h = -h - 40. Let d(r) = -r**2 + 12*r - 10. Calculate d(k).
-10
Let c be 3*12*(-5 - -7). Suppose -13*k + k = c. Let s(t) = t**2 + 4*t + 6. Give s(k).
18
Let w(n) = n**2 + 8*n + 54. Let g(a) = -a**2 - 7*a - 53. Let f(b) = 4*g(b) + 3*w(b). Let y(h) be the first derivative of f(h). What is y(-5)?
6
Let b(s) = 68*s + 43. Let d(q) = 33*q + 19. Let l(x) = 6*b(x) - 13*d(x). Calculate l(-3).
74
Suppose -3*y + f - 32 - 30 = 0, 0 = -y - 3*f - 34. Let x(t) = -6*t - 124. Let d be x(y). Let k(h) = h**2 - 11*h + 13. Determine k(d).
-11
Let n(q) = q - 4. Let i be -2 - (-371)/3 - (-4)/(-6). Suppose -122*d + 11 = -i*d. Suppose d*r - 6 = 9*r. Determine n(r).
-1
Let i(z) be the second derivative of -23*z**2 - 1/60*z**5 + 0 + 15*z - 5/24*z**4 - 7/6*z**3. Let g(f) be the first derivative of i(f). Determine g(-7).
-21
Let z(i) be the second derivative of 31